104 and 486044?
52
What is the greatest common divisor of 182 and 251186?
26
Calculate the greatest common divisor of 258763 and 2.
1
Calculate the highest common divisor of 35165 and 11635.
65
Calculate the highest common factor of 585771 and 116.
29
What is the greatest common divisor of 11227 and 26471?
103
Calculate the highest common factor of 10731 and 30576.
147
What is the highest common divisor of 506532 and 3468?
204
Calculate the highest common factor of 3018 and 102.
6
Calculate the highest common divisor of 8 and 2234632.
8
What is the greatest common divisor of 18 and 7344?
18
Calculate the greatest common factor of 1239458 and 22.
22
What is the highest common divisor of 2415575 and 50?
25
Calculate the highest common factor of 995 and 488744.
199
What is the greatest common divisor of 4831264 and 1088?
544
What is the highest common factor of 6 and 409872?
6
Calculate the greatest common divisor of 2463684 and 12.
12
What is the highest common divisor of 347 and 73217?
347
What is the highest common factor of 10649 and 4025?
23
Calculate the greatest common factor of 49020 and 158460.
1140
What is the highest common divisor of 3976 and 12656?
56
Calculate the greatest common divisor of 14212 and 208318.
374
What is the highest common factor of 39135 and 30?
15
What is the highest common divisor of 10506 and 27438?
102
What is the highest common divisor of 78 and 35191?
13
What is the highest common factor of 376858 and 1342?
122
What is the highest common factor of 105 and 29460?
15
Calculate the highest common factor of 49792 and 3890.
778
What is the highest common divisor of 247650 and 130?
130
Calculate the highest common divisor of 4016 and 6736.
16
Calculate the greatest common factor of 78326 and 2.
2
Calculate the highest common factor of 3047 and 3.
1
What is the highest common factor of 233726 and 46?
46
What is the highest common factor of 149035 and 615?
205
What is the greatest common factor of 1386 and 288?
18
What is the highest common divisor of 3000 and 21720?
120
Calculate the highest common factor of 32 and 96608.
32
Calculate the greatest common factor of 420 and 3780.
420
Calculate the greatest common divisor of 4 and 686516.
4
Calculate the greatest common factor of 1143858 and 1244.
622
Calculate the highest common factor of 15 and 5892.
3
Calculate the highest common factor of 5508 and 9027.
153
What is the highest common factor of 187 and 27060?
11
What is the highest common divisor of 60582 and 11385?
69
Calculate the highest common divisor of 5728 and 256.
32
Calculate the highest common factor of 60 and 3364.
4
Calculate the greatest common factor of 186 and 714829.
31
Calculate the highest common divisor of 12882 and 8664.
114
What is the highest common divisor of 140 and 1126790?
70
Calculate the greatest common factor of 432 and 68184.
72
What is the highest common divisor of 1285 and 926999?
257
Calculate the greatest common divisor of 50 and 232525.
25
What is the greatest common factor of 500 and 443500?
500
What is the highest common divisor of 4540711 and 7?
7
What is the greatest common divisor of 12028 and 2852?
124
Calculate the highest common divisor of 11581152 and 24.
24
What is the highest common factor of 2535 and 2145?
195
Calculate the greatest common divisor of 11397 and 127987.
131
What is the highest common divisor of 1456 and 4862?
26
Calculate the highest common factor of 2289 and 3161.
109
What is the greatest common factor of 9916 and 197950?
74
Calculate the greatest common factor of 8489 and 377.
13
What is the greatest common divisor of 16718 and 182?
26
What is the highest common factor of 114260 and 40?
20
What is the highest common divisor of 350 and 19523350?
350
Calculate the greatest common factor of 90 and 1168785.
45
What is the highest common factor of 1675548 and 1647?
549
Calculate the highest common divisor of 681 and 982002.
681
Calculate the greatest common divisor of 662 and 21211142.
662
What is the greatest common divisor of 4200 and 3569400?
600
What is the greatest common factor of 384 and 804?
12
Calculate the highest common factor of 134544 and 96.
48
Calculate the greatest common divisor of 1840 and 60.
20
Calculate the greatest common divisor of 43144 and 64.
8
Calculate the greatest common factor of 21981 and 391.
17
Calculate the highest common divisor of 168 and 228963.
21
What is the greatest common divisor of 3480 and 150?
30
What is the highest common factor of 117857 and 19?
19
What is the highest common divisor of 27376 and 272?
16
What is the greatest common factor of 896 and 36064?
224
Calculate the greatest common divisor of 576 and 153576.
72
Calculate the highest common divisor of 12428 and 478.
478
Calculate the highest common divisor of 1006 and 1024611.
503
Calculate the highest common divisor of 13 and 9416615.
13
What is the greatest common factor of 13892 and 64628?
604
What is the highest common divisor of 13947 and 3?
3
Calculate the greatest common factor of 255042 and 16.
2
Calculate the highest common factor of 33306 and 151788.
546
Calculate the greatest common factor of 13507 and 78.
13
What is the highest common factor of 214001 and 173?
173
Calculate the greatest common divisor of 79519 and 2.
1
What is the highest common factor of 23 and 3041152?
23
Calculate the greatest common divisor of 34118 and 126.
14
What is the highest common divisor of 16932 and 6225?
249
What is the greatest common factor of 3081 and 264?
3
What is the greatest common factor of 1359188 and 1133?
103
Calculate the highest common divisor of 2199976 and 16.
8
Calculate the greatest common divisor of 10137 and 41093.
109
Calculate the highest common divisor of 251445 and 15.
15
Calculate the greatest common factor of 14976 and 36.
36
Calculate the greatest common divisor of 302750 and 500.
250
What is the highest common factor of 46686 and 372?
186
What is the highest common divisor of 66766 and 266?
266
What is the greatest common factor of 75 and 684650?
25
Calculate the greatest common factor of 8474 and 917868.
446
Calculate the highest common divisor of 213 and 8668461.
213
Calculate the greatest common divisor of 21 and 299019.
21
What is the greatest common divisor of 59413 and 19?
19
What is the highest common divisor of 1183126 and 28?
14
Calculate the highest common factor of 97569 and 171.
9
Calculate the highest common factor of 77627 and 33.
11
What is the greatest common divisor of 328 and 45346?
82
What is the highest common factor of 23832 and 1854?
18
Calculate the greatest common divisor of 63560 and 4340.
140
What is the greatest common divisor of 2142 and 68238?
306
Calculate the highest common divisor of 219 and 126509.
73
What is the highest common factor of 885 and 203137?
59
Calculate the highest common factor of 44 and 64108.
44
Calculate the greatest common divisor of 113 and 2246.
1
Calculate the greatest common divisor of 204 and 36006.
102
What is the highest common divisor of 755997 and 3?
3
What is the highest common divisor of 471 and 1065?
3
Calculate the highest common divisor of 76035 and 411.
411
What is the greatest common factor of 133678 and 1780?
178
What is the highest common factor of 52154 and 150016?
586
Calculate the greatest common divisor of 278203 and 111.
37
What is the highest common divisor of 4843 and 38243?
167
Calculate the highest common factor of 177282 and 1134.
378
What is the highest common divisor of 3192197 and 257?
257
What is the highest common factor of 1078060 and 152?
76
Calculate the greatest common factor of 706789 and 613.
613
What is the highest common factor of 995257 and 491?
491
What is the highest common divisor of 109968 and 261?
87
What is the greatest common divisor of 2007 and 1797603?
669
What is the highest common divisor of 1067925 and 3437?
491
What is the highest common divisor of 602 and 43645?
301
Calculate the greatest common factor of 1326 and 98566.
442
What is the greatest common factor of 9 and 831369?
3
Calculate the highest common factor of 9075 and 2805.
165
What is the greatest common divisor of 527 and 211327?
527
Calculate the highest common factor of 754 and 196562.
58
Calculate the highest common factor of 7025 and 225.
25
What is the highest commo